be 13/(-52) - (-2)/8. Suppose v = 5*r - 20, 0 = -g + 4*r + 4 + 4. What is the tens digit of g?
2
Let o(l) = -l**2 - 5*l + 8. What is the units digit of o(-5)?
8
Suppose 2*h + h = 0. Suppose 4*b - 54 + 14 = h. Suppose 0 = -3*m + b + 2. What is the units digit of m?
4
Suppose 3*m - 4*m = -4. Suppose -4*z = -m*k + k + 17, -19 = -k + 4*z. What is the units digit of 0/2 - 2/k?
2
Let c be ((-4)/2 + 0)*11. Let a = c - -85. Suppose 3*g + a = 6*g. What is the units digit of g?
1
Let z be (3 + -6)*1 - -5. Let t(n) = n + 10. Let q be t(-7). Suppose -7 = -i - 3*v, -9 = z*i - 5*i - q*v. What is the units digit of i?
1
Suppose -3*m - 53 + 2 = 0. Let j = m - -25. What is the units digit of j?
8
Suppose 3*y = -2*y - 15, -2*c + 2*y + 12 = 0. Let m(g) = g**3 + 3*g**2 - 6*g - 6. Let d be m(-4). Let n = c - d. What is the units digit of n?
1
What is the tens digit of 11 - (4/(-4) - 0)?
1
Suppose -u + 0*u + 5 = 0. What is the units digit of u?
5
Let c(k) = -9*k + 3. Let q be c(-2). Suppose -3*v + q = -4*j, j - 40 = -5*v - 5. What is the units digit of v?
7
Let o = 124 - -60. What is the units digit of o?
4
Suppose 5*s = -2*t - 13 + 211, s - 43 = 3*t. What is the units digit of s?
0
Let f(j) = j**2 - 5*j - 10. Let d be f(7). Suppose -5*a = -4*p + 11, -d*p + 25 - 7 = 2*a. What is the units digit of p?
4
Suppose 74 = c - 0*c. What is the units digit of c?
4
Let f(q) = 7 - q + 4 - q**2 + 14 - 2. What is the units digit of f(0)?
3
Let a(o) = o**2 - 2*o - 5. Let n be a(4). Suppose -y - n = -0. Let f(j) = j**2 + j + 2. What is the units digit of f(y)?
8
What is the units digit of (-31)/(-1) - (-13 + 15)?
9
Let d(c) = -16*c**3 + 6*c + 5. What is the tens digit of d(-2)?
2
Let q(z) be the first derivative of 3*z**2 - z + 1. Suppose 2*t = -3*y - 7, 5*t - 2*t + 3*y + 6 = 0. What is the units digit of q(t)?
5
Let l(h) = -h**3 + 6*h**2 - 8*h + 6. Let i be l(4). What is the units digit of i/(-15) + 348/20?
7
Suppose w - 8 = 1. What is the units digit of w?
9
Let l(p) = -2*p**3 - 2*p**2 + p. Let n be l(1). Let u(m) = m**3 + 3*m**2 - m - 1. Let q be u(n). Let t = 4 + q. What is the units digit of t?
6
Suppose 0 = 5*j - 4*k - 11 - 14, -k = 3*j + 2. Let y = j + 17. What is the tens digit of y?
1
Suppose 3*f - 458 = -77. What is the units digit of f?
7
Let d = 96 + 97. What is the hundreds digit of d?
1
Let h be 1*(2 - (-6)/2). Suppose 3*y = -0*y - 2*t - 76, 2*y - h*t + 57 = 0. Let k = y + 45. What is the tens digit of k?
1
Let j(z) be the first derivative of -z**2/2 + 3*z + 1. Suppose 0 = -5*m + m - 20. What is the units digit of j(m)?
8
Let q = 59 - 36. Suppose 0 = 3*t - p - q, 0*p = 5*p + 10. Let i = -3 + t. What is the units digit of i?
4
Let r(c) = -c**3 + 9*c**2 + 12*c - 6. What is the units digit of r(10)?
4
What is the tens digit of (-6936)/(-108) - (-4)/(-18)?
6
Let j(h) = -5*h + 0*h + 6*h + 43 - 10. What is the tens digit of j(0)?
3
Let o(k) = 2*k**2 - 3*k + 3. Let u be o(2). Let q(x) = -x**2 + 7*x. Let s be q(u). Suppose -i + s = -10. What is the tens digit of i?
2
Let d be (-243)/45 + (-4)/(-10). Let z(u) = -4*u - 4. What is the units digit of z(d)?
6
Let m(x) = -2*x + 9. Let u be m(7). Let a = u - -8. Suppose j + 2*j = a. What is the units digit of j?
1
Suppose -9*m = -788 - 895. What is the hundreds digit of m?
1
Let s(b) = -6*b + 1. Let u be s(-1). Let i(c) = -1 - 7 + 1 + c**2 - u*c. What is the units digit of i(8)?
1
Let o(t) = 16*t - 35. What is the hundreds digit of o(10)?
1
Let k = -68 + 101. What is the units digit of k?
3
What is the hundreds digit of -1*2/16 - (-77382)/432?
1
Suppose -4*b = v - 553 + 123, -3*v = 6. What is the units digit of b?
8
Suppose 76*r = 75*r + 25. What is the units digit of r?
5
Suppose -4*y + 496 = -4*m, -4*y - m + 245 = -2*y. What is the hundreds digit of y?
1
Let t(j) = j**2 + 3*j - 23. What is the tens digit of t(-17)?
1
Suppose 21 = -9*c + 138. What is the tens digit of c?
1
What is the units digit of 9 + 1*(-2 + 4)?
1
Suppose 0 = -5*p - 2*b - 7, 4*p = 6*p + 5*b + 7. Let y(j) = j - 2. Let r be y(5). What is the units digit of p/(1/(-1*r))?
3
Let q = 23 - 15. Suppose 0*a = 4*a - q. Suppose 3*z = -3, a*z + 1 = t - 10. What is the units digit of t?
9
Let u = -37 - -78. What is the tens digit of u?
4
Suppose 4*j - 907 = -159. What is the units digit of j?
7
Suppose 5*y - 5 = -2*f - 0, -3*y = -2*f - 3. What is the units digit of y?
1
Suppose -5*d + 3*d = -178. Let p = d + -50. What is the units digit of p?
9
Let j(w) = -w + 20. What is the tens digit of j(9)?
1
Let q = 84 - 33. What is the units digit of q?
1
Let g(s) = -s - 8. Let h be g(-12). Suppose w = 7 + 2. Suppose h*b + w = 5*b. What is the units digit of b?
9
Suppose 4*r = -2*r + 516. What is the tens digit of r?
8
What is the units digit of (40/6)/((-2)/(-6))?
0
Let x(q) = -q**3 + 8*q**2 + 4*q + 4. Let n be x(8). Suppose 120 = 5*b - 0*y - 5*y, -5*y + n = b. What is the tens digit of b?
2
Let p(i) = -i**3 - 12*i**2 - 10*i + 13. Let x be p(-11). Suppose x = k - 13. What is the tens digit of k?
1
Suppose 0 = 4*f - 7 - 13. Suppose 0 = 2*d - 0*d + f*i, -3*i + 14 = 4*d. Suppose -d*s + 32 = 12. What is the units digit of s?
4
Let r(g) be the first derivative of g**3/3 - 7*g**2/2 - 12*g - 1. Suppose -20 = 4*b + 2*k - 58, -2 = -2*k. What is the units digit of r(b)?
6
Let i = 27 - 21. Suppose -i*k + 170 = -k. What is the units digit of k?
4
Let q be -2 + 15/(4 + -1). Let p = -18 - -29. Let y = p - q. What is the units digit of y?
8
What is the tens digit of 330/(-4)*(-24)/10?
9
Suppose 4*q - 5*q + 3*z = -8, -2*z = 2. Suppose -l + 16 - 115 = -5*u, q*u - 91 = -l. What is the units digit of u?
9
Let r(b) = -3*b + 39. What is the tens digit of r(0)?
3
Let d(u) = u - 8. Let w be d(8). Let s = w + 7. What is the units digit of s?
7
Let i = 21 - 13. Let h(g) = g**3 - 8*g**2. Let p be h(i). Suppose 2*t - t - 2*u + 6 = p, -4*t + 26 = 2*u. What is the units digit of t?
4
Suppose -9*c + 666 = -720. What is the units digit of c?
4
Suppose -5*u - 5*d = -5, -5*d + 7 = -5*u + 2. What is the tens digit of 14/(-8)*(-12 + u)?
2
Let j(y) = 9*y**2 + y. Let n = -9 + 13. Suppose -n*p = 1 + 3. What is the units digit of j(p)?
8
Suppose 0 = -2*h + 4*p + 10, 0*p + 4*p + 3 = -5*h. Let u(m) = m**2 + h - 1. What is the units digit of u(-2)?
4
Let x(j) = -j**3 - 2*j + j + 5*j - 2*j**2 - 4. What is the tens digit of x(-4)?
1
Let o = 239 - 155. Let i = 119 - o. What is the tens digit of i?
3
Let n be 1/3 + (-76)/12. Let h(b) = b + 12. Let i be h(n). What is the units digit of (i/4)/((-6)/(-8))?
2
Let q = 14 + -9. Let j be (-2)/q + (-192)/20. What is the units digit of 6/(-15) - 134/j?
3
Suppose 2*f + 5 = -5*g, -5*g + 0 = 5*f + 5. Let y be (-3)/(g + (-15)/(-6)). Let t(s) = -3*s - 3. What is the units digit of t(y)?
3
Suppose 0 = 3*b + 3*h - 2*h - 4, 10 = b - 4*h. Suppose b*p = -0*p + 28. What is the units digit of p?
4
Let f = 8 + -2. Suppose f = -0*j + 4*j + 2*n, -3*j + 12 = 3*n. Let a = j - -8. What is the units digit of a?
7
Let s(a) = 6*a**2 + 3*a - 6. Let g(f) = f**2 + f - 1. Let w(j) = -5*g(j) + s(j). What is the tens digit of w(5)?
1
Suppose 7 = -h + 2. Let j = 7 + h. Suppose -2*n = -0*n - j. What is the units digit of n?
1
What is the tens digit of (-29)/(3/(-6)*2)?
2
Let r be (-8)/(-36) + 34/9. Suppose -m - 30 = -r*m. What is the tens digit of m?
1
Let q(a) = -9*a**2 + 4*a - 9. Let w(p) = 5*p**2 - 2*p + 5. Let n(d) = -6*q(d) - 11*w(d). Let o be n(2). What is the units digit of ((-8)/3)/(3/o)?
8
Suppose p - 96 = 3*u, 2*p + u - 128 = 71. What is the units digit of p?
9
Let s be 0 - (-1 - (-4 - -3)). Let u be (s - (3 + -1))/(-1). Suppose 4*m - 2*m - 36 = -2*z, -5*z + 87 = u*m. What is the tens digit of z?
1
Let g(l) = -19*l - 30. What is the units digit of g(-9)?
1
Suppose 9*h + 12 = 6*h. Let v(j) = 2*j**2 + j + 2. What is the units digit of v(h)?
0
Let j(g) = 2*g - 5. What is the units digit of j(12)?
9
Let i(t) = -6*t - 6. What is the tens digit of i(-10)?
5
Let s(l) = -l + 13 + 6 + 0*l + 19. What is the units digit of s(0)?
8
Suppose 8*g - 1089 + 305 = 0. What is the tens digit of g?
9
Let d(c) = -c**3 - 3*c**2 - 2*c + 2. Let x be d(-2). Suppose 5*g - x + 3 = -b, -b + 4*g + 44 = 0. What is the units digit of b?
4
Let d(l) = -l**3 - l**2 + l. Let n(o) = -3*o**3 - 7*o**2 + 15*o + 4. Let k(y) = 2*d(y) - n(y)